+ 194 = -4*c. Let n = c - -47. Let w(f) = -f**3 + f**2 - 1. Determine w(n).
-1
Suppose -5*p + b + 34 = 0, -p - 4*b = 3*p - 8. Let x be 9/p + 14/4. Let m(a) be the second derivative of -a**3/6 + a. Give m(x).
-5
Let s(f) = f + 10. Let z = -1216 - -1201. What is s(z)?
-5
Let f(s) = 2*s - 735*s**2 + 4 - 2 + 734*s**2 + s**3. What is f(-2)?
-14
Let o(k) = 2*k + 53. Let t(m) = 2*m + 8. Let a(l) = o(l) - 3*t(l). Calculate a(12).
-19
Let t be (-2)/3 + (-2)/(-3). Let a(w) be the second derivative of -22*w + 0 - 7/2*w**2 - 1/6*w**3. Determine a(t).
-7
Let n(l) = l**3 + 3*l**2 - l - 1. Let v be 4 + -5 + -1 + -3. Give n(v).
-46
Let a(t) be the second derivative of t**4/6 + 17*t**3/6 - 13*t**2/2 + 157*t. What is a(-10)?
17
Let u(t) = 4*t**2 - 8*t + 2. Let b(q) = -5*q**2 + 9*q - 3. Let g = -22 - -26. Let l(d) = g*u(d) + 3*b(d). Give l(5).
-1
Suppose -2*b - 28 = 2*b. Let l(h) be the second derivative of -h**5/20 - 2*h**4/3 - 4*h**3/3 - h**2 - h + 28. Determine l(b).
5
Let a(o) = -6*o + 1. Let b(i) = 1 + 12*i - 5 + 2. Let k(f) = -7*a(f) - 4*b(f). What is k(2)?
-11
Let c(s) = s**3 + 2*s**2 - 3*s + 4. Let t(z) = -z**3 + 3*z**2 - z - 7. Let g be t(-2). Let x = 15 - 3. Let a = x - g. Give c(a).
4
Let r be (18/4)/((-2)/8 - -1). Suppose 3 = -r*w - 3. Let f(k) = -6*k - 1. Determine f(w).
5
Let t be -1*-3*4/6. Let f(k) = 0*k**2 - 3*k - t*k - k**2. Let g be (2 - 2) + -2 + -2. Give f(g).
4
Suppose -2*j - 5*p + 5 = 0, 0 = 3*p - 5 + 2. Let b(x) be the first derivative of x**4/4 - x**2/2 - 4*x - 2. Calculate b(j).
-4
Let r(z) = 2*z**2 - 6 + 15*z + z**2 - 11*z - 2*z**2. Give r(-7).
15
Let i(p) = 33*p**3 + 6*p**2 - 5*p + 7. Let u(w) = 98*w**3 + 17*w**2 - 14*w + 20. Let s(x) = 17*i(x) - 6*u(x). Calculate s(-1).
27
Let x(b) be the third derivative of -b**4/24 + b**3/3 - 16*b**2 + 1. Give x(-4).
6
Suppose 8*y + 5 = 3*y. Let m(s) be the first derivative of -s**3 + 48. What is m(y)?
-3
Let r(b) = 7*b**2 - 2*b - 3. Suppose 0*i - 12 = 6*i. Calculate r(i).
29
Let u(c) = -3*c - 2. Let v = 12 - 17. Let b(y) = 2*y + 1. Let o(g) = v*b(g) - 3*u(g). Suppose t = 5*j - 25, 0 = 3*t - 4*j + 20. Give o(t).
1
Let z(i) be the second derivative of -i**4/12 - i**3/6 + i**2/2 + i. Let p = -3281 - -3283. Give z(p).
-5
Let d(f) be the first derivative of 1/3*f**3 + 31 + 2*f - 5/2*f**2. Calculate d(4).
-2
Let a(w) be the first derivative of -w**2 + 56*w - 105. Determine a(26).
4
Let p(j) = 1052*j**2 - 1051*j**2 - 15*j + 8 + 11. What is p(13)?
-7
Let v be (0 - 1)/(3/(-27)). Let u(i) = i**3 - 8*i**2 - 10*i - 7. Calculate u(v).
-16
Let t(s) be the second derivative of s**4/12 + 3*s**3/2 - 135*s. Determine t(-5).
-20
Let t(m) = 16 + 13*m - 12 - 5*m + 16 - 9*m. What is t(10)?
10
Suppose 0 = -8*d + 3*d - 20. Let h be 7/14 - (-22)/d. Let x(f) be the second derivative of f**3/6 + 5*f. What is x(h)?
-5
Let d(b) = -b**3 - 5*b**2 - 5*b - 3. Suppose -3*u + 24 = -0*u. Let q be (u/20)/((-2)/(-20)). Suppose 3*v = -0*j - 4*j + 4, 3*v + 2*j = -q. What is d(v)?
1
Let f(d) be the first derivative of d**2/2 + 2*d + 340. Give f(5).
7
Let b(u) = -u**3 + 3*u**2 + 3*u + 1. Let w = 610 - 605. What is b(w)?
-34
Let a(j) be the second derivative of j**3/6 - j**2/2 + 25*j. Let n be 3/6 - (-3)/(-2). Calculate a(n).
-2
Let a(s) = -3*s + 5 + 0*s - 2*s - 19. Give a(-4).
6
Let n(o) = 2*o**3. Let r(l) = -l**2 - 7*l - 3. Let z be r(-4). Let u be (-6)/9 - (-116)/12. Let h be 11/z + (-2)/u. Calculate n(h).
2
Let r(z) = -z**2 + z**3 + 196*z - 99*z - 98*z. Let p be ((-18)/15)/(9/(-30)). Suppose -p*s = -2*s. What is r(s)?
0
Let r(m) = 10 + 10*m + 6 + 12*m**2 + 9*m**2 - 32*m**2 + 12*m**2. Calculate r(-8).
0
Suppose 4 = -5*b - 26. Let q(j) = j**3 + 4*j**2 + 4. Let f be q(-4). Let i(z) = 6*z - 3 - f*z + z - 4*z. Calculate i(b).
3
Let t = -12 + 16. Suppose -i = t - 6. Let y(x) = 16*x - 27*x + x**i + 1 + 16*x. Determine y(-5).
1
Let b(x) be the second derivative of -x**5/20 - x**4/3 - x**3/6 - 2*x**2 - x. Let q = -6 - -2. Give b(q).
0
Let r(v) = -4*v + 49. Let s be 6 + (-44)/(-55)*5. What is r(s)?
9
Let g be ((-1)/2)/((-11)/22). Let j(z) = -6 + 2*z - 6 + 0 + 11 - 8*z**3. Calculate j(g).
-7
Suppose 4*i - 10 = -2*x, -2*x = -2*i - x - 5. Let m be (4 - i)*9/12. Let k be 20/m - 10/15. Let j(p) = -p + 3. Determine j(k).
-3
Let y(k) be the second derivative of -1/4*k**4 - 1/2*k**2 + 1/2*k**3 + 4*k - 1/60*k**5 + 0. Let m(i) be the first derivative of y(i). Give m(-5).
8
Let j(v) = 7*v - 9. Let l be j(1). Let w(y) = -y**3 - 2*y**2 - 3*y - 4. Let g be w(l). Let q(d) be the second derivative of d**4/6 - d**3/3 - d. Determine q(g).
4
Suppose 21*l - 39 = -81. Let c(g) = -g**2 - 2*g + 1. What is c(l)?
1
Let t(h) = -h**3 + 8*h**2 - h + 8. Let w = -11 - -19. Let u be t(w). Let x(a) = 5*a**2 - a**2 - a**2 + 4 + a + u*a**2 + a**3. Determine x(-3).
1
Let y be 3/(-9) + 31/3. Let k(s) = s**3 - 9*s**2 - 11*s + 12. Let m be k(y). Let w(p) = 2*p + m + 3 + 3 + 2. Give w(-7).
-4
Let d(g) = -g**2 + 3*g + 4. Suppose 4*c - c = 5*t + 9, t + 5*c - 15 = 0. Suppose t = -2*u - 4*w + 4, -w - 2*w = 5*u - 17. Calculate d(u).
0
Let p(r) = -14 + 1067*r - 540*r - 536*r - 4*r**2 + 5*r**2. Give p(11).
8
Let d(c) = 10*c**3 - 11*c**2 + 12*c + 29. Let y(n) = -7*n**3 + 7*n**2 - 8*n - 20. Let q(s) = -5*d(s) - 7*y(s). What is q(4)?
11
Suppose -4*c + 121 = 7*c. Let b(v) = -4*v + c + v**2 - 7 - 7 + 0. Give b(4).
-3
Let m(b) = 2*b**2 + 12*b + 14. Let j be m(-5). Let z(f) = -2*f**3 + 6*f**2 + 9*f - 10. Calculate z(j).
-6
Let c(u) be the first derivative of 0*u - 2/3*u**3 + 3 + 1/8*u**4 + 0*u**5 + 0*u**2 - 1/360*u**6. Let b(m) be the third derivative of c(m). What is b(3)?
-6
Let z(t) = 3*t**2 - 18*t + 25. Suppose 6*k - 8 = 4. Let v(m) = -m**2 + 6*m - 8. Let o(n) = k*z(n) + 7*v(n). Give o(4).
2
Let s = -180 - -177. Let f(u) = -3*u**2 + 2*u + 2. Determine f(s).
-31
Let b be 52/65 + (-78)/10. Let c be ((-161)/21 - b)/(2/6). Let o(y) = -2*y**3 - 2*y**2 + y - 2. Calculate o(c).
4
Let s(v) be the second derivative of -v**4/24 + v**3/6 - 11*v**2/2 + 20*v. Let w(q) be the first derivative of s(q). Give w(8).
-7
Let u(s) = -11*s + 21. Let i be u(2). Let a(v) = 26*v**3 - 2*v - 1. What is a(i)?
-25
Let b(q) = 2*q**2 - 5*q - 4. Let t(x) = 3*x**2 + x**2 + 9 + 11*x - x**2 - 8*x**2. Let u(f) = 7*b(f) + 3*t(f). What is u(-2)?
-1
Let p(k) be the second derivative of -k**4/4 - 11*k**3/6 - k**2 - 2*k + 9. Calculate p(-4).
-6
Let j be (-18)/(-15)*20/8. Let b(r) = 5*r + 2 - 6*r - j. Let p be b(-2). Let a(v) = 15*v. Determine a(p).
15
Let b(c) = -28*c**3 + 2*c**2 + 3*c**2 + 56*c**3 + 7*c - 29*c**3 - 9. Give b(6).
-3
Let c be 4/5*30/12. Let q(w) = -c - 2*w**2 - 1 + 2*w - w**3 + 1 + 1. Give q(-3).
2
Let k(l) = -7*l - 108*l**3 + 58*l**3 - l**2 + 4*l**2 + 51*l**3. Give k(-5).
-15
Let d(u) = 6*u - 1. Suppose a + 15 = 6*a. Let c(x) = 79*x - 39*x - 33*x - 1. Let p(s) = a*c(s) - 4*d(s). Give p(5).
-14
Let h(l) = -1 - 784*l + 2*l**3 + 2*l**3 + 786*l. Suppose 4*x + 5 + 0 = -3*d, 4*d - 6 = x. Calculate h(d).
5
Let k(b) = b**3 + b**2 - b + 7. Let u be k(-3). Let n(x) = x + 8. Give n(u).
0
Let b(y) = y**3 + y. Suppose -2*w - 4*m - 163 + 183 = 0, -3*w - 6 = -3*m. Determine b(w).
10
Let c(y) = -3*y - 1. Let v(g) = -4*g - 1. Let w(l) = 6*c(l) - 5*v(l). Let o = 26 + -28. What is w(o)?
-5
Let k(m) = m**3 - 3*m**2 - m - 1. Let z(o) = o**3 - 15*o**2 - 3*o + 5. Let i(w) = -2*k(w) + z(w). Calculate i(-9).
16
Let u(k) = -3*k + 4*k - 4*k + 2 - 1. Let q = 1456 - 1455. What is u(q)?
-2
Let b(q) be the first derivative of -q**3/3 - 10*q + 17. Suppose 2*t = 6*t - 32. Let h be 4/(-16) + 2/t. What is b(h)?
-10
Let d be 10/(-4)*(-36)/30. Let k(f) = f**3 - f**2 - 7*f + 1. Let v(o) = 3*o**3 - 2*o**2 - 22*o + 2. Let p(j) = 7*k(j) - 2*v(j). Determine p(d).
-12
Let w(x) = x**2 + 8*x - 9. Let q be w(-8). Let r = q + 11. Let g(d) = 2*d + d**2 + d**3 + r*d**3 - d. Give g(-1).
-3
Let p(k) = -24*k - 6. Let a(o) = -19*o - 5. Let n(i) = -4*a(i) + 3*p(i). Suppose -d - 270 = 4*d. Let v be 13/(-6) - 9/d. Calculate n(v).
-6
Let m = 5611 - 5605. Let b(p) be the first derivative of -p**4/4 + 2*p**3 + p**2/2 + 5*p - 1. Give b(m).
11
Suppose -5*j - 4*f = -2*f - 78, 0 = -4*j - f + 60. Let v(g) = 10 - 25 + j + g. What is v(5)?
4
Let n(x) = 2*x**2 + 3*x - 2. Suppose -7*m + 25 = -3*m - q, -4*q - 25 = -m. Suppose m = g + 2*h, -3*g - 25 = -3*h - h. Give n(g).
7
Let w 